{"id":63,"date":"2025-09-02T12:34:18","date_gmt":"2025-09-02T09:34:18","guid":{"rendered":"https:\/\/blocksmith.luuptek.fi\/remonttifirma-demo\/?page_id=63"},"modified":"2025-09-05T13:40:38","modified_gmt":"2025-09-05T10:40:38","slug":"katon-maalaus","status":"publish","type":"page","link":"https:\/\/blocksmith.luuptek.fi\/remonttifirma-demo\/palvelut\/katon-maalaus\/","title":{"rendered":"Katon maalaus"},"content":{"rendered":"\n<div class=\"wp-block-group alignwide has-base-background-color has-background has-global-padding is-content-justification-center is-layout-constrained wp-block-group-is-layout-constrained\" style=\"border-radius:10px;margin-top:var(--wp--preset--spacing--50);margin-bottom:var(--wp--preset--spacing--50);padding-bottom:var(--wp--preset--spacing--50)\">\n<div class=\"wp-block-group alignwide has-global-padding is-layout-constrained wp-block-group-is-layout-constrained\">\n<div class=\"wp-block-group alignwide has-global-padding is-layout-constrained wp-container-core-group-is-layout-92b9201d wp-block-group-is-layout-constrained\">\n<div class=\"wp-block-group alignwide has-global-padding is-layout-constrained wp-block-group-is-layout-constrained\">\n<figure class=\"wp-block-image alignfull size-large\"><img loading=\"lazy\" decoding=\"async\" width=\"1024\" height=\"683\" src=\"https:\/\/blocksmith.luuptek.fi\/remonttifirma-demo\/wp-content\/uploads\/sites\/3\/2025\/09\/roof-1024x683.webp\" alt=\"Katon maalaus\" class=\"wp-image-29\" srcset=\"https:\/\/blocksmith.luuptek.fi\/remonttifirma-demo\/wp-content\/uploads\/sites\/3\/2025\/09\/roof-1024x683.webp 1024w, https:\/\/blocksmith.luuptek.fi\/remonttifirma-demo\/wp-content\/uploads\/sites\/3\/2025\/09\/roof-300x200.webp 300w, https:\/\/blocksmith.luuptek.fi\/remonttifirma-demo\/wp-content\/uploads\/sites\/3\/2025\/09\/roof-768x512.webp 768w, https:\/\/blocksmith.luuptek.fi\/remonttifirma-demo\/wp-content\/uploads\/sites\/3\/2025\/09\/roof-1536x1024.webp 1536w, https:\/\/blocksmith.luuptek.fi\/remonttifirma-demo\/wp-content\/uploads\/sites\/3\/2025\/09\/roof.webp 1920w\" sizes=\"auto, (max-width: 1024px) 100vw, 1024px\" \/><\/figure>\n<\/div>\n\n\n\n<div class=\"wp-block-group is-layout-grid wp-container-core-group-is-layout-2b54756c wp-block-group-is-layout-grid\" style=\"margin-top:var(--wp--preset--spacing--50)\">\n<div class=\"wp-block-group has-global-padding is-layout-constrained wp-block-group-is-layout-constrained\">\n<h1 class=\"wp-block-heading has-3-x-large-font-size\">Katon maalaus<\/h1>\n\n\n\n<p>Katon maalaus on tehokas tapa pident\u00e4\u00e4 katon k\u00e4ytt\u00f6ik\u00e4\u00e4 ja parantaa sen ulkon\u00e4k\u00f6\u00e4. Maalaus suojaa kattoa s\u00e4\u00e4olosuhteiden kulutukselta, ehk\u00e4isee ruostetta ja sammaleen kasvua sek\u00e4 nostaa koko kiinteist\u00f6n arvoa. K\u00e4yt\u00e4mme vain korkealuokkaisia, s\u00e4\u00e4nkest\u00e4vi\u00e4 maaleja, jotka takaavat pitk\u00e4ik\u00e4isen lopputuloksen.<\/p>\n\n\n\n<div class=\"wp-block-buttons is-layout-flex wp-block-buttons-is-layout-flex\">\n<div class=\"wp-block-button\"><a class=\"wp-block-button__link wp-element-button\" href=\"https:\/\/blocksmith.luuptek.fi\/remonttifirma-demo\/ota-yhteytta\/\">Pyyd\u00e4 tarjous<\/a><\/div>\n\n\n\n<div class=\"wp-block-button\"><a class=\"wp-block-button__link wp-element-button\" href=\"https:\/\/blocksmith.luuptek.fi\/remonttifirma-demo\/referenssit\/\">Katso referenssit<\/a><\/div>\n<\/div>\n<\/div>\n\n\n\n<div class=\"wp-block-group has-global-padding is-layout-constrained wp-block-group-is-layout-constrained\">\n<div class=\"wp-block-group is-horizontal is-layout-flex wp-block-group-is-layout-flex\">\n<div class=\"wp-block-group has-base-color has-contrast-3-background-color has-text-color has-background has-link-color wp-elements-34fee5bc05bd6d85afebebf5df68ed91 has-global-padding is-layout-constrained wp-container-core-group-is-layout-c385debf wp-block-group-is-layout-constrained\" style=\"padding-top:var(--wp--preset--spacing--20);padding-right:var(--wp--preset--spacing--20);padding-bottom:var(--wp--preset--spacing--20);padding-left:var(--wp--preset--spacing--20);font-style:normal;font-weight:700\">\n<h2 class=\"wp-block-heading has-medium-font-size\">Palvelun hy\u00f6dyt<\/h2>\n<\/div>\n<\/div>\n\n\n\n<div class=\"wp-block-group has-accent-2-background-color has-background has-global-padding is-layout-constrained wp-container-core-group-is-layout-f3270549 wp-block-group-is-layout-constrained\" style=\"margin-top:0;padding-top:var(--wp--preset--spacing--20);padding-right:var(--wp--preset--spacing--20);padding-bottom:var(--wp--preset--spacing--20);padding-left:var(--wp--preset--spacing--20)\">\n<ul class=\"wp-block-list is-style-checkmark-list\">\n<li>Pident\u00e4\u00e4 katon k\u00e4ytt\u00f6ik\u00e4\u00e4 merkitt\u00e4v\u00e4sti<\/li>\n\n\n\n<li>Ehk\u00e4isee ruosteen ja sammaleen muodostumista<\/li>\n\n\n\n<li>Parantaa kiinteist\u00f6n ulkon\u00e4k\u00f6\u00e4 ja arvoa<\/li>\n\n\n\n<li>S\u00e4\u00e4nkest\u00e4v\u00e4t ja pitk\u00e4ik\u00e4iset maalit<\/li>\n\n\n\n<li>Ammattitaitoinen ja nopea toteutus<\/li>\n<\/ul>\n<\/div>\n<\/div>\n<\/div>\n<\/div>\n<\/div>\n<\/div>\n","protected":false},"excerpt":{"rendered":"<p>Katon maalaus Katon maalaus on tehokas tapa pident\u00e4\u00e4 katon k\u00e4ytt\u00f6ik\u00e4\u00e4 ja parantaa sen ulkon\u00e4k\u00f6\u00e4. Maalaus suojaa kattoa s\u00e4\u00e4olosuhteiden kulutukselta, ehk\u00e4isee ruostetta ja sammaleen kasvua sek\u00e4 nostaa koko kiinteist\u00f6n arvoa. K\u00e4yt\u00e4mme vain korkealuokkaisia, s\u00e4\u00e4nkest\u00e4vi\u00e4 maaleja, jotka takaavat pitk\u00e4ik\u00e4isen lopputuloksen. Palvelun hy\u00f6dyt<\/p>\n","protected":false},"author":1,"featured_media":0,"parent":40,"menu_order":0,"comment_status":"closed","ping_status":"closed","template":"","meta":{"footnotes":""},"class_list":["post-63","page","type-page","status-publish","hentry"],"_links":{"self":[{"href":"https:\/\/blocksmith.luuptek.fi\/remonttifirma-demo\/wp-json\/wp\/v2\/pages\/63","targetHints":{"allow":["GET"]}}],"collection":[{"href":"https:\/\/blocksmith.luuptek.fi\/remonttifirma-demo\/wp-json\/wp\/v2\/pages"}],"about":[{"href":"https:\/\/blocksmith.luuptek.fi\/remonttifirma-demo\/wp-json\/wp\/v2\/types\/page"}],"author":[{"embeddable":true,"href":"https:\/\/blocksmith.luuptek.fi\/remonttifirma-demo\/wp-json\/wp\/v2\/users\/1"}],"replies":[{"embeddable":true,"href":"https:\/\/blocksmith.luuptek.fi\/remonttifirma-demo\/wp-json\/wp\/v2\/comments?post=63"}],"version-history":[{"count":4,"href":"https:\/\/blocksmith.luuptek.fi\/remonttifirma-demo\/wp-json\/wp\/v2\/pages\/63\/revisions"}],"predecessor-version":[{"id":94,"href":"https:\/\/blocksmith.luuptek.fi\/remonttifirma-demo\/wp-json\/wp\/v2\/pages\/63\/revisions\/94"}],"up":[{"embeddable":true,"href":"https:\/\/blocksmith.luuptek.fi\/remonttifirma-demo\/wp-json\/wp\/v2\/pages\/40"}],"wp:attachment":[{"href":"https:\/\/blocksmith.luuptek.fi\/remonttifirma-demo\/wp-json\/wp\/v2\/media?parent=63"}],"curies":[{"name":"wp","href":"https:\/\/api.w.org\/{rel}","templated":true}]}}